at is -7 (base 15) in base 8?
-7
Convert 34 (base 7) to base 16.
19
What is -10011 (base 3) in base 9?
-104
8 (base 15) to base 10
8
248 (base 9) to base 7
413
What is -1200 (base 4) in base 6?
-240
18 (base 16) to base 5
44
What is 110101 (base 2) in base 14?
3b
Convert -110 (base 2) to base 8.
-6
Convert -3 (base 13) to base 16.
-3
What is -3 (base 15) in base 8?
-3
1011 (base 3) to base 14
23
What is 70 (base 11) in base 8?
115
Convert 1 (base 16) to base 10.
1
What is 2 (base 15) in base 11?
2
11000 (base 2) to base 16
18
Convert -23 (base 4) to base 12.
-b
-2 (base 10) to base 4
-2
What is 3 (base 4) in base 3?
10
Convert -3 (base 15) to base 7.
-3
44 (base 15) to base 12
54
-54 (base 16) to base 7
-150
-49 (base 15) to base 14
-4d
What is 18 (base 12) in base 15?
15
Convert 2 (base 13) to base 15.
2
3c (base 14) to base 10
54
-3 (base 12) to base 9
-3
What is 1 (base 10) in base 16?
1
0 (base 2) to base 15
0
Convert 22 (base 7) to base 5.
31
Convert -17 (base 10) to base 14.
-13
Convert 1 (base 13) to base 6.
1
What is 13 (base 14) in base 4?
101
Convert 4 (base 15) to base 3.
11
Convert 20 (base 8) to base 15.
11
104 (base 9) to base 10
85
7 (base 13) to base 14
7
17 (base 12) to base 14
15
Convert 0 (base 15) to base 14.
0
What is -33 (base 10) in base 4?
-201
Convert -a (base 15) to base 5.
-20
Convert 1210 (base 5) to base 6.
500
What is -22 (base 5) in base 11?
-11
Convert 2201 (base 3) to base 7.
133
What is 5 (base 11) in base 8?
5
What is 100 (base 2) in base 5?
4
-6 (base 14) to base 9
-6
Convert 121 (base 6) to base 12.
41
-5 (base 14) to base 11
-5
What is -7 (base 12) in base 4?
-13
1 (base 12) to base 11
1
What is -2f (base 16) in base 6?
-115
What is 2 (base 8) in base 3?
2
-a (base 12) to base 5
-20
Convert 0 (base 6) to base 10.
0
116 (base 7) to base 11
57
Convert -111 (base 2) to base 11.
-7
Convert -131 (base 5) to base 2.
-101001
What is -3 (base 13) in base 4?
-3
What is 0 (base 14) in base 8?
0
What is 11011 (base 3) in base 14?
80
1 (base 9) to base 11
1
What is 10 (base 2) in base 9?
2
-1 (base 9) to base 7
-1
What is d (base 16) in base 11?
12
-100001 (base 2) to base 13
-27
-4 (base 9) to base 8
-4
Convert 48 (base 14) to base 4.
1000
137 (base 11) to base 13
c5
Convert 1 (base 8) to base 2.
1
What is d6 (base 14) in base 7?
356
-132 (base 6) to base 8
-70
Convert -1a (base 11) to base 4.
-111
-4 (base 7) to base 13
-4
What is -1 (base 2) in base 9?
-1
3 (base 12) to base 6
3
What is 20 (base 8) in base 10?
16
What is -1 (base 5) in base 16?
-1
Convert -1 (base 12) to base 3.
-1
Convert -24 (base 16) to base 9.
-40
Convert -4 (base 5) to base 16.
-4
What is 27 (base 8) in base 6?
35
What is -310 (base 6) in base 4?
-1302
What is -456 (base 8) in base 7?
-611
12121 (base 3) to base 5
1101
21 (base 4) to base 6
13
What is 2 (base 16) in base 15?
2
What is 2 (base 12) in base 2?
10
3 (base 14) to base 9
3
-15 (base 8) to base 2
-1101
28 (base 16) to base 13
31
-7 (base 11) to base 5
-12
Convert 3 (base 6) to base 9.
3
-2 (base 7) to base 9
-2
Convert -2 (base 13) to base 11.
-2
-22 (base 15) to base 3
-1012
13 (base 16) to base 4
103
Convert 51 (base 8) to base 5.
131
-2 (base 5) to base 4
-2
70 (base 11) to base 3
2212
-2101 (base 3) to base 12
-54
3 (base 16) to base 15
3
What is 13 (base 4) in base 2?
111
What is 1 (base 9) in base 8?
1
What is -24 (base 9) in base 5?
-42
Convert 4 (base 16) to base 15.
4
What is 6 (base 9) in base 15?
6
1101000 (base 2) to base 6
252
Convert 30 (base 6) to base 16.
12
Convert 0 (base 5) to base 13.
0
What is 21 (base 6) in base 16?
d
Convert 54 (base 14) to base 15.
4e
10 (base 15) to base 2
1111
Convert 33 (base 7) to base 5.
44
Convert -80 (base 10) to base 13.
-62
11 (base 12) to base 10
13
Convert 0 (base 3) to base 12.
0
-20 (base 4) to base 12
-8
What is -6a (base 13) in base 4?
-1120
What is 453 (base 6) in base 3?
20120
Convert -124 (base 11) to base 4.
-2103
-10001 (base 2) to base 15
-12
What is b2 (base 14) in base 16?
9c
Convert -43 (base 8) to base 13.
-29
What is -16 (base 8) in base 3?
-112
What is 100101 (base 2) in base 10?
37
What is 3 (base 16) in base 4?
3
What is 5 (base 14) in base 3?
12
What is 285 (base 9) in base 5?
1424
Convert 2 (base 6) to base 13.
2
-2 (base 8) to base 4
-2
Convert 10 (base 5) to base 8.
5
Convert 144 (base 6) to base 5.
224
What is -5 (base 7) in base 11?
-5
What is 1 (base 9) in base 2?
1
-3 (base 6) to base 12
-3
-2 (base 14) to base 15
-2
101 (base 3) to base 16
a
Convert -4 (base 12) to base 9.
-4
Convert 0 (base 3) to base 7.
0
What is 6 (base 9) in base 13?
6
-4 (base 11) to base 5
-4
What is -21 (base 8) in base 13?
-14
What is c (base 13) in base 2?
1100
What is 3 (base 5) in base 10?
3
61 (base 10) to base 13
49
89 (base 15) to base 3
11210
15 (base 12) to base 10
17
Convert -2 (base 4) to base 7.
-2
Convert -14 (base 9) to base 8.
-15
Convert -95 (base 10) to base 4.
-1133
What is a (base 11) in base 7?
13
What is -6 (base 7) in base 10?
-6
Convert -2 (base 16) to base 6.
-2
-7 (base 13) to base 15
-7
Convert 1240 (base 6) to base 2.
100111000
Convert 108 (base 13) to base 16.
b1
What is -3 (base 11) in base 14?
-3
Convert -12200 (base 3) to base 16.
-99
Convert -61 (base 7) to base 3.
-1121
-4 (base 6) to base 13
-4
Convert 3 (base 4) to base 3.
10
0 (base 2) to base 8
0
1 (base 14) to base 10
1
Convert 162 (base 7) to base 2.
1011101
What is -51 (base 8) in base 15?
-2b
1040 (base 6) to base 5
1430
Convert 30 (base 4) to base 8.
14
0 (base 10) to base 9
0
Convert -5 (base 14) to base 7.
-5
1 (base 14) to base 2
1
What is -11 (base 3) in base 10?
-4
What is -b3 (base 14) in base 11?
-133
What is 4 (base 8) in base 9?
4
What is -10002 (base 3) in base 4?
-1103
47 (base 16) to base 14
51
124 (base 7) to base 15
47
122 (base 5) to base 12
31
Convert 10 (base 5) to base 12.
5
What is -3 (base 6) in base 9?
-3
What is -33 (base 10) in base 8?
-41
What is 0 (base 13) in base 16?
0
-3 (base 11) to base 7
-3
-2b (base 12) to base 8
-43
What is -3 (base 9) in base 12?
-3
What is 8 (base 13) in base 8?
10
What is 124 (base 7) in base 8?
103
13 (base 5) to base 15
8
24 (base 6) to base 10
16
What is -e6 (base 16) in base 12?
-172
What is -51 (base 9) in base 7?
-64
-12 (base 15) to base 14
-13
-8b (base 15) to base 6
-335
9 (base 15) to base 3
100
Convert 22122 (base 3) to base 11.
1a2
Convert 147 (base 11) to base 16.
ac
What is -2 (base 12) in base 15?
-2
What is -3 (base 16) in base 5?
-3
What is 24 (base 8) in base 14?
16
Convert 11 (base 2) to base 12.
3
Convert 110 (base 3) to base 4.
30
10 (base 3) to base 12
3
What is -43 (base 12) in base 3?
-1220
What is -3 (base 5) in base 16?
-3
What is -3 (base 4) in base 5?
-3
What is -99 (base 12) in base 4?
-1311
What is 39 (base 13) in base 5?
143
Convert 20 (base 10) to base 7.
26
Convert 9 (base 12) to base 9.
10
Convert 8 (base 12) to base 10.
8
Convert 30 (base 12) to base 6.
100
-4 (base 10) to base 2
-100
What is -4 (base 14) in base 6?
-4
Convert 1 (base 3) to base 10.
1
What is 90 (base 13) in base 8?
165
-10 (base 3) to base 8
-3
16 (base 7) to base 14
d
-12 (base 5) to base 11
-7
Convert -2 (base 4) to base 12.
-2
What is 1 (base 13) in base 7?
1
26 (base 7) to base 16
14
Convert -11 (base 8) to base 3.
-100
Convert -10 (base 15) to base 9.
-16
Convert -55 (base 7) to base 15.
-2a
-c3 (base 14) to base 3
-20100
What is -121 (base 4) in base 5?
-100
Convert d1 (base 16) to base 11.
180
Convert -228 (base 9) to base 13.
-116
Convert 0 (base 10) to base 9.
0
Convert -3 (base 14) to base 2.
-11
6 (base 15) to base 6
10
a (base 14) to base 9
11
What is 1d (base 16) in base 6?
45
Convert 1100100 (base 2) to base 14.
72
Convert 11 (base 8) to base 12.
9
What is 4 (base 8) in base 5?
4
Convert -4 (base 10) to base 5.
-4
150 (base 8) to base 4
1220
Convert 3 (base 8) to base 13.
3
What is 22 (base 11) in base 12?
20
Convert -7 (base 9) to base 16.
-7
Convert -33 (base 16) to base 11.
-47
What is -10 (base 12) in base 4?
-30
What is -3 (base 11) in base 7?
-3
What is -19 (base 10) in base 6?
-31
What is 10001101 (base 2) in base 4?
2031
Convert -4 (base 14) to base 11.
-4
Convert -11010 (base 3) to base 13.
-87
What is 9 (base 16) in base 11?
9
36 (base 11) to base 5
124
Conve